{"id":10,"date":"2007-11-18T10:47:40","date_gmt":"2007-11-18T09:47:40","guid":{"rendered":"http:\/\/www.saintefamille.fr\/viecontemplative\/?page_id=10"},"modified":"2007-11-18T10:47:40","modified_gmt":"2007-11-18T09:47:40","slug":"la-solitude-martillac","status":"publish","type":"page","link":"https:\/\/viecontemplative.saintefamille.fr\/?page_id=10","title":{"rendered":"La Solitude &#8211; Martillac"},"content":{"rendered":"<p><!--:fr--><\/p>\n<p style=\"text-align: center\">\n<h4 style=\"text-align: center\"><strong><strong>Ce monast\u00e8re est situ\u00e9 au lieu source de la Famille Spirituelle de Pierre-Bienvenu Noailles.<\/strong><\/strong><\/h4>\n<p style=\"text-align: center\"><a href=\"http:\/\/www.saintefamille.fr\/wp-content\/uploads\/vc\/2010\/01\/vue-generale-de-la-solitude.jpg\"><img loading=\"lazy\" decoding=\"async\" class=\"size-medium wp-image-10863 alignnone\" src=\"http:\/\/www.saintefamille.fr\/wp-content\/uploads\/vc\/2010\/01\/vue-generale-de-la-solitude-300x225.jpg\" alt=\"\" width=\"300\" height=\"225\" srcset=\"https:\/\/viecontemplative.saintefamille.fr\/files\/2010\/01\/vue-generale-de-la-solitude-300x225.jpg 300w, https:\/\/viecontemplative.saintefamille.fr\/files\/2010\/01\/vue-generale-de-la-solitude.jpg 640w\" sizes=\"auto, (max-width: 300px) 100vw, 300px\" \/><\/a><\/p>\n<p style=\"text-align: center\">\n<p style=\"text-align: center\"><a title=\"entree-de-la-solitude.jpg\" href=\"http:\/\/www.saintefamille.fr\/wp-content\/uploads\/vc\/2008\/02\/entree-de-la-solitude.jpg\"><img decoding=\"async\" src=\"http:\/\/www.saintefamille.fr\/wp-content\/uploads\/vc\/2008\/02\/entree-de-la-solitude.thumbnail.jpg\" alt=\"entree-de-la-solitude.jpg\" \/><\/a><a title=\"hiver-solitude-vue-facade-monastere-cote-route.jpg\" href=\"http:\/\/www.saintefamille.fr\/wp-content\/uploads\/vc\/2008\/04\/hiver-solitude-vue-facade-monastere-cote-route.jpg\"><img decoding=\"async\" src=\"http:\/\/www.saintefamille.fr\/wp-content\/uploads\/vc\/2008\/04\/hiver-solitude-vue-facade-monastere-cote-route.thumbnail.jpg\" alt=\"hiver-solitude-vue-facade-monastere-cote-route.jpg\" \/><\/a><a title=\"la-solitude-martillac.jpg\" href=\"http:\/\/www.saintefamille.fr\/wp-content\/uploads\/vc\/2008\/02\/la-solitude-martillac.jpg\"><img decoding=\"async\" src=\"http:\/\/www.saintefamille.fr\/wp-content\/uploads\/vc\/2008\/02\/la-solitude-martillac.thumbnail.jpg\" alt=\"la-solitude-martillac.jpg\" \/><\/a><\/p>\n<p style=\"text-align: center\"><a title=\"C\u00e9l\u00e9bration de l'office\" href=\"http:\/\/www.saintefamille.fr\/wp-content\/uploads\/vc\/2010\/01\/communaute-de-la-solitude.jpg\"><img loading=\"lazy\" decoding=\"async\" class=\"size-thumbnail wp-image-10864 aligncenter\" src=\"http:\/\/www.saintefamille.fr\/wp-content\/uploads\/vc\/2010\/01\/communaute-de-la-solitude-150x150.jpg\" alt=\"\" width=\"150\" height=\"150\" \/><\/a><\/p>\n<p style=\"text-align: center\">\n<p style=\"text-align: center\"><a title=\"embarcadere-de-lile.jpg\" href=\"http:\/\/www.saintefamille.fr\/wp-content\/uploads\/vc\/2008\/02\/embarcadere-de-lile.jpg\"><img decoding=\"async\" src=\"http:\/\/www.saintefamille.fr\/wp-content\/uploads\/vc\/2008\/02\/embarcadere-de-lile.thumbnail.jpg\" alt=\"embarcadere-de-lile.jpg\" \/><\/a> <a title=\"Chapelle de l\u2019\u00eele.JPG\" href=\"http:\/\/www.saintefamille.fr\/wp-content\/uploads\/vc\/2008\/04\/dsc03862.JPG\"><img decoding=\"async\" src=\"http:\/\/www.saintefamille.fr\/wp-content\/uploads\/vc\/2008\/04\/dsc03862.thumbnail.JPG\" alt=\"Chapelle de l\u2019\u00eele.JPG\" \/><\/a><\/p>\n<p style=\"text-align: center\"><strong>Adresse<\/strong> (<a title=\"Voir le plan sur ViaMichelin\" href=\"http:\/\/www.viamichelin.fr\/viamichelin\/fra\/dyn\/controller\/Cartes-plans?mapId=-twybrx4w9vpimd&amp;initialMap=mapid&amp;dx=348&amp;dy=200&amp;empriseW=697&amp;empriseH=400\" target=\"_blank\">voir le plan<\/a>) :<\/p>\n<p style=\"text-align: center\">Communaut\u00e9 Contemplative<\/p>\n<p style=\"text-align: center\">Sainte Famille de Bordeaux<\/p>\n<p style=\"text-align: center\">29 bis, route de la Solitude<\/p>\n<p style=\"text-align: center\">33650 Martillac<\/p>\n<p style=\"text-align: center\"><strong>T\u00e9l\u00e9phone <\/strong>: 05.56.72.72.55<\/p>\n<p style=\"text-align: center\"><strong>Fax<\/strong> : 05.56.72.77.37<\/p>\n<p style=\"text-align: center\"><strong>Email <\/strong>: <a href=\"mailto:solitude.sc@saintefamille.fr\">solitude.sc@saintefamille.fr<\/a><\/p>\n<p><!--:--><\/p>\n","protected":false},"excerpt":{"rendered":"<p>Ce monast\u00e8re est situ\u00e9 au lieu source de la Famille Spirituelle de Pierre-Bienvenu Noailles. Adresse (voir le plan) : Communaut\u00e9 Contemplative Sainte Famille de Bordeaux 29 bis, route de la Solitude 33650 Martillac T\u00e9l\u00e9phone : 05.56.72.72.55 Fax : 05.56.72.77.37 Email : solitude.sc@saintefamille.fr<\/p>\n","protected":false},"author":4,"featured_media":0,"parent":9,"menu_order":0,"comment_status":"closed","ping_status":"open","template":"","meta":{"footnotes":""},"class_list":["post-10","page","type-page","status-publish","hentry"],"_links":{"self":[{"href":"https:\/\/viecontemplative.saintefamille.fr\/index.php?rest_route=\/wp\/v2\/pages\/10","targetHints":{"allow":["GET"]}}],"collection":[{"href":"https:\/\/viecontemplative.saintefamille.fr\/index.php?rest_route=\/wp\/v2\/pages"}],"about":[{"href":"https:\/\/viecontemplative.saintefamille.fr\/index.php?rest_route=\/wp\/v2\/types\/page"}],"author":[{"embeddable":true,"href":"https:\/\/viecontemplative.saintefamille.fr\/index.php?rest_route=\/wp\/v2\/users\/4"}],"replies":[{"embeddable":true,"href":"https:\/\/viecontemplative.saintefamille.fr\/index.php?rest_route=%2Fwp%2Fv2%2Fcomments&post=10"}],"version-history":[{"count":0,"href":"https:\/\/viecontemplative.saintefamille.fr\/index.php?rest_route=\/wp\/v2\/pages\/10\/revisions"}],"up":[{"embeddable":true,"href":"https:\/\/viecontemplative.saintefamille.fr\/index.php?rest_route=\/wp\/v2\/pages\/9"}],"wp:attachment":[{"href":"https:\/\/viecontemplative.saintefamille.fr\/index.php?rest_route=%2Fwp%2Fv2%2Fmedia&parent=10"}],"curies":[{"name":"wp","href":"https:\/\/api.w.org\/{rel}","templated":true}]}}